{"id":2,"date":"2021-02-01T14:02:48","date_gmt":"2021-02-01T13:02:48","guid":{"rendered":"https:\/\/sites.ensfea.fr\/reflexanim\/?page_id=2"},"modified":"2026-02-09T14:47:05","modified_gmt":"2026-02-09T13:47:05","slug":"page-d-exemple","status":"publish","type":"page","link":"https:\/\/sites.ensfea.fr\/reflexanim\/","title":{"rendered":"Accueil"},"content":{"rendered":"\n<p><strong>Depuis plusieurs ann\u00e9es R\u00e9flexanim regroupe des initiatives en lien avec l&rsquo;animation socioculturelle dans l&rsquo;enseignement agricole.<\/strong><\/p>\n\n\n\n<p>Pour les jeunes c&rsquo;est une possibilit\u00e9 de d\u00e9couvertes, d&rsquo;agir collectivement.<\/p>\n\n\n\n<p>Pour l&rsquo;institution un enjeu \u00e9ducatif<\/p>\n\n\n\n<p>Pour les personnels d&rsquo;ESC une part de leur m\u00e9tier.<\/p>\n\n\n\n<p>Le dispositif repose sur des locaux, une association, des temps libres, des projets, un appui. Pour les ALESA une note de service publi\u00e9e en Juillet 2025<\/p>\n\n\n\n<p>Pour les profs d&rsquo;ESC un r\u00e9f\u00e9rentiel m\u00e9tier<\/p>\n\n\n\n<h2 class=\"wp-block-heading has-text-align-center\"><strong>Historique et ressources<\/strong><\/h2>\n\n\n\n<p class=\"has-text-align-center\">En 2019<\/p>\n\n\n\n<p class=\"has-text-align-center\"><a href=\"https:\/\/sites.ensfea.fr\/reflexanim\/enquete-pratiques-culturelles-et-sociales-2023\/\" data-type=\"page\" data-id=\"419\">la DGER commande une enqu\u00eate quantitative et qualitative sur les pratiques sociales et culturelles pilot\u00e9e par le r\u00e9seau ADC et l&rsquo;ENSFEA.<\/a><\/p>\n\n\n\n<p class=\"has-text-align-center\">En 2021<\/p>\n\n\n\n<p class=\"has-text-align-center\"><a href=\"https:\/\/sites.ensfea.fr\/reflexanim\/des-propositions-a-commenter-discuter-enrichir\/\" data-type=\"page\" data-id=\"134\">Diff\u00e9rentes propositions sont \u00e9chang\u00e9es et discut\u00e9es<\/a><\/p>\n\n\n\n<p class=\"has-text-align-center\"><\/p>\n\n\n\n<p class=\"has-text-align-center\">En 2023<\/p>\n\n\n\n<p class=\"has-text-align-center\"><a href=\"https:\/\/sites.ensfea.fr\/reflexanim\/les-rencontres-des-elu-e-s-alesa\/\" data-type=\"page\" data-id=\"397\">Premi\u00e8res rencontres ALESA \u00e0 Paris<\/a><\/p>\n\n\n\n<p class=\"has-text-align-center\">En 2024<\/p>\n\n\n\n<p class=\"has-text-align-center\"><a href=\"https:\/\/sites.ensfea.fr\/reflexanim\/rencontres-elu-e-s-alesa-2024\/\" data-type=\"page\" data-id=\"423\">Deuxi\u00e8mes rencontres ALESA \u00e0 Lille<\/a><\/p>\n\n\n\n<p class=\"has-text-align-center\">En 2025<\/p>\n\n\n\n<p class=\"has-text-align-center\"><a href=\"https:\/\/sites.ensfea.fr\/reflexanim\/de-less-dans-mon-alesa\/\" data-type=\"page\" data-id=\"482\">Appel \u00e0 projet de l&rsquo;ESS dans mon ALESA<\/a><\/p>\n\n\n\n<p class=\"has-text-align-center\">En 2025-2026<\/p>\n\n\n\n<p class=\"has-text-align-center\"><a href=\"https:\/\/sites.ensfea.fr\/reflexanim\/des-forum-regionaux-et-un-forum-national\/\" data-type=\"page\" data-id=\"540\">Appel \u00e0 projet Forum r\u00e9gionaux ALESA et Forum national<\/a><\/p>\n\n\n\n<p><\/p>\n","protected":false},"excerpt":{"rendered":"<p>Depuis plusieurs ann\u00e9es R\u00e9flexanim regroupe des initiatives en lien avec l&rsquo;animation socioculturelle dans l&rsquo;enseignement agricole. Pour les jeunes c&rsquo;est une possibilit\u00e9 de d\u00e9couvertes, d&rsquo;agir collectivement. Pour l&rsquo;institution un enjeu \u00e9ducatif Pour les personnels d&rsquo;ESC une part de leur m\u00e9tier. Le dispositif repose sur des locaux, une association, des temps libres, des projets, un appui. Pour &hellip; <\/p>\n<p class=\"link-more\"><a href=\"https:\/\/sites.ensfea.fr\/reflexanim\/\" class=\"more-link\">Continuer la lecture<span class=\"screen-reader-text\"> de &laquo;&nbsp;Accueil&nbsp;&raquo;<\/span><\/a><\/p>\n","protected":false},"author":18,"featured_media":0,"parent":0,"menu_order":0,"comment_status":"closed","ping_status":"open","template":"","meta":{"_uag_custom_page_level_css":"","footnotes":""},"class_list":["post-2","page","type-page","status-publish","hentry"],"uagb_featured_image_src":{"full":false,"thumbnail":false,"medium":false,"medium_large":false,"large":false,"1536x1536":false,"2048x2048":false,"twentyseventeen-featured-image":false,"twentyseventeen-thumbnail-avatar":false},"uagb_author_info":{"display_name":"Francis Gaillard","author_link":"https:\/\/sites.ensfea.fr\/reflexanim\/author\/fgaillard\/"},"uagb_comment_info":0,"uagb_excerpt":"Depuis plusieurs ann\u00e9es R\u00e9flexanim regroupe des initiatives en lien avec l&rsquo;animation socioculturelle dans l&rsquo;enseignement agricole. Pour les jeunes c&rsquo;est une possibilit\u00e9 de d\u00e9couvertes, d&rsquo;agir collectivement. Pour l&rsquo;institution un enjeu \u00e9ducatif Pour les personnels d&rsquo;ESC une part de leur m\u00e9tier. Le dispositif repose sur des locaux, une association, des temps libres, des projets, un appui. Pour\u2026","_links":{"self":[{"href":"https:\/\/sites.ensfea.fr\/reflexanim\/wp-json\/wp\/v2\/pages\/2","targetHints":{"allow":["GET"]}}],"collection":[{"href":"https:\/\/sites.ensfea.fr\/reflexanim\/wp-json\/wp\/v2\/pages"}],"about":[{"href":"https:\/\/sites.ensfea.fr\/reflexanim\/wp-json\/wp\/v2\/types\/page"}],"author":[{"embeddable":true,"href":"https:\/\/sites.ensfea.fr\/reflexanim\/wp-json\/wp\/v2\/users\/18"}],"replies":[{"embeddable":true,"href":"https:\/\/sites.ensfea.fr\/reflexanim\/wp-json\/wp\/v2\/comments?post=2"}],"version-history":[{"count":32,"href":"https:\/\/sites.ensfea.fr\/reflexanim\/wp-json\/wp\/v2\/pages\/2\/revisions"}],"predecessor-version":[{"id":573,"href":"https:\/\/sites.ensfea.fr\/reflexanim\/wp-json\/wp\/v2\/pages\/2\/revisions\/573"}],"wp:attachment":[{"href":"https:\/\/sites.ensfea.fr\/reflexanim\/wp-json\/wp\/v2\/media?parent=2"}],"curies":[{"name":"wp","href":"https:\/\/api.w.org\/{rel}","templated":true}]}}

<p><strong>Depuis plusieurs années Réflexanim regroupe des initiatives en lien avec l&rsquo;animation socioculturelle dans l&rsquo;enseignement agricole.</strong></p>



<p>Pour les jeunes c&rsquo;est une possibilité de découvertes, d&rsquo;agir collectivement.</p>



<p>Pour l&rsquo;institution un enjeu éducatif</p>



<p>Pour les personnels d&rsquo;ESC une part de leur métier.</p>



<p>Le dispositif repose sur des locaux, une association, des temps libres, des projets, un appui. Pour les ALESA une note de service publiée en Juillet 2025</p>



<p>Pour les profs d&rsquo;ESC un référentiel métier</p>



<h2 class="wp-block-heading has-text-align-center"><strong>Historique et ressources</strong></h2>



<p class="has-text-align-center">En 2019</p>



<p class="has-text-align-center"><a href="https://sites.ensfea.fr/reflexanim/enquete-pratiques-culturelles-et-sociales-2023/" data-type="page" data-id="419">la DGER commande une enquête quantitative et qualitative sur les pratiques sociales et culturelles pilotée par le réseau ADC et l&rsquo;ENSFEA.</a></p>



<p class="has-text-align-center">En 2021</p>



<p class="has-text-align-center"><a href="https://sites.ensfea.fr/reflexanim/des-propositions-a-commenter-discuter-enrichir/" data-type="page" data-id="134">Différentes propositions sont échangées et discutées</a></p>



<p class="has-text-align-center"></p>



<p class="has-text-align-center">En 2023</p>



<p class="has-text-align-center"><a href="https://sites.ensfea.fr/reflexanim/les-rencontres-des-elu-e-s-alesa/" data-type="page" data-id="397">Premières rencontres ALESA à Paris</a></p>



<p class="has-text-align-center">En 2024</p>



<p class="has-text-align-center"><a href="https://sites.ensfea.fr/reflexanim/rencontres-elu-e-s-alesa-2024/" data-type="page" data-id="423">Deuxièmes rencontres ALESA à Lille</a></p>



<p class="has-text-align-center">En 2025</p>



<p class="has-text-align-center"><a href="https://sites.ensfea.fr/reflexanim/de-less-dans-mon-alesa/" data-type="page" data-id="482">Appel à projet de l&rsquo;ESS dans mon ALESA</a></p>



<p class="has-text-align-center">En 2025-2026</p>



<p class="has-text-align-center"><a href="https://sites.ensfea.fr/reflexanim/des-forum-regionaux-et-un-forum-national/" data-type="page" data-id="540">Appel à projet Forum régionaux ALESA et Forum national</a></p>



<p></p>

<p>Depuis plusieurs années Réflexanim regroupe des initiatives en lien avec l&rsquo;animation socioculturelle dans l&rsquo;enseignement agricole. Pour les jeunes c&rsquo;est une possibilité de découvertes, d&rsquo;agir collectivement. Pour l&rsquo;institution un enjeu éducatif Pour les personnels d&rsquo;ESC une part de leur métier. Le dispositif repose sur des locaux, une association, des temps libres, des projets, un appui. Pour &hellip; </p>
<p class="link-more"><a href="https://sites.ensfea.fr/reflexanim/" class="more-link">Continuer la lecture<span class="screen-reader-text"> de &laquo;&nbsp;Accueil&nbsp;&raquo;</span></a></p>

Depuis plusieurs années Réflexanim regroupe des initiatives en lien avec l&rsquo;animation socioculturelle dans l&rsquo;enseignement agricole. Pour les jeunes c&rsquo;est une possibilité de découvertes, d&rsquo;agir collectivement. Pour l&rsquo;institution un enjeu éducatif Pour les personnels d&rsquo;ESC une part de leur métier. Le dispositif repose sur des locaux, une association, des temps libres, des projets, un appui. Pour…
