{"id":419,"date":"2022-12-01T13:57:23","date_gmt":"2022-12-01T12:57:23","guid":{"rendered":"https:\/\/sites.ensfea.fr\/reflexanim\/?page_id=419"},"modified":"2022-12-01T13:58:01","modified_gmt":"2022-12-01T12:58:01","slug":"enquete-pratiques-culturelles-et-sociales-2023","status":"publish","type":"page","link":"https:\/\/sites.ensfea.fr\/reflexanim\/enquete-pratiques-culturelles-et-sociales-2023\/","title":{"rendered":"Enqu\u00eate 2019"},"content":{"rendered":"\n<p>En 2018 la DGER d\u00e9cide via le r\u00e9seau Animation &amp; D\u00e9veloppement Culturel de lancer une \u00e9tude sur les pratiques sociales et culturelles des jeunes de l\u2019Enseignement Agricole.<\/p>\n\n\n\n<p>Soutenue par le Minist\u00e8re de la Culture, cette \u00e9tude partait d\u2019un constat paradoxal : d\u2019un c\u00f4t\u00e9 l\u2019existence d\u2019une profusion de donn\u00e9es statistiques relatives aux trajectoires des jeunes de l\u2019Enseignement Agricole et de l\u2019autre une certaine m\u00e9connaissance de leurs pratiques sociales et culturelles (go\u00fbts, engagements, pratiques artistiques\u2026) .<\/p>\n\n\n\n<p>Si ces aspects ne sont pas ignor\u00e9s des \u00e9quipes p\u00e9dagogiques et \u00e9ducatives, des donn\u00e9es document\u00e9es \u00e0 port\u00e9e nationale, pouvaient faire d\u00e9faut. C\u2019est donc une enqu\u00eate en deux parties, qui a \u00e9t\u00e9 conduite en 2018 et 2019, l\u2019une quantitative, portant sur un vaste \u00e9chantillon de jeunes et d\u2019\u00e9tablissements, l\u2019autre plus qualitative bas\u00e9e sur des entretiens de jeunes.<\/p>\n\n\n\n<p><a href=\"https:\/\/escales.ensfea.fr\/2022\/06\/30\/pratiques-socioculturelles-des-jeunes-de-lenseignement-agricole-resultats-de-lenquete-nationale\/\" target=\"_blank\" rel=\"noreferrer noopener\">Acc\u00e8s au Rapport de l&rsquo;enqu\u00eate et au num\u00e9ro de Champs Culturels<\/a><\/p>\n","protected":false},"excerpt":{"rendered":"<p>En 2018 la DGER d\u00e9cide via le r\u00e9seau Animation &amp; D\u00e9veloppement Culturel de lancer une \u00e9tude sur les pratiques sociales et culturelles des jeunes de l\u2019Enseignement Agricole. Soutenue par le Minist\u00e8re de la Culture, cette \u00e9tude partait d\u2019un constat paradoxal : d\u2019un c\u00f4t\u00e9 l\u2019existence d\u2019une profusion de donn\u00e9es statistiques relatives aux trajectoires des jeunes de &hellip; <\/p>\n<p class=\"link-more\"><a href=\"https:\/\/sites.ensfea.fr\/reflexanim\/enquete-pratiques-culturelles-et-sociales-2023\/\" class=\"more-link\">Continuer la lecture<span class=\"screen-reader-text\"> de &laquo;&nbsp;Enqu\u00eate 2019&nbsp;&raquo;<\/span><\/a><\/p>\n","protected":false},"author":18,"featured_media":0,"parent":0,"menu_order":0,"comment_status":"closed","ping_status":"closed","template":"","meta":{"_uag_custom_page_level_css":"","footnotes":""},"class_list":["post-419","page","type-page","status-publish","hentry"],"uagb_featured_image_src":{"full":false,"thumbnail":false,"medium":false,"medium_large":false,"large":false,"1536x1536":false,"2048x2048":false,"twentyseventeen-featured-image":false,"twentyseventeen-thumbnail-avatar":false},"uagb_author_info":{"display_name":"Francis Gaillard","author_link":"https:\/\/sites.ensfea.fr\/reflexanim\/author\/fgaillard\/"},"uagb_comment_info":0,"uagb_excerpt":"En 2018 la DGER d\u00e9cide via le r\u00e9seau Animation &amp; D\u00e9veloppement Culturel de lancer une \u00e9tude sur les pratiques sociales et culturelles des jeunes de l\u2019Enseignement Agricole. Soutenue par le Minist\u00e8re de la Culture, cette \u00e9tude partait d\u2019un constat paradoxal : d\u2019un c\u00f4t\u00e9 l\u2019existence d\u2019une profusion de donn\u00e9es statistiques relatives aux trajectoires des jeunes de\u2026","_links":{"self":[{"href":"https:\/\/sites.ensfea.fr\/reflexanim\/wp-json\/wp\/v2\/pages\/419","targetHints":{"allow":["GET"]}}],"collection":[{"href":"https:\/\/sites.ensfea.fr\/reflexanim\/wp-json\/wp\/v2\/pages"}],"about":[{"href":"https:\/\/sites.ensfea.fr\/reflexanim\/wp-json\/wp\/v2\/types\/page"}],"author":[{"embeddable":true,"href":"https:\/\/sites.ensfea.fr\/reflexanim\/wp-json\/wp\/v2\/users\/18"}],"replies":[{"embeddable":true,"href":"https:\/\/sites.ensfea.fr\/reflexanim\/wp-json\/wp\/v2\/comments?post=419"}],"version-history":[{"count":2,"href":"https:\/\/sites.ensfea.fr\/reflexanim\/wp-json\/wp\/v2\/pages\/419\/revisions"}],"predecessor-version":[{"id":422,"href":"https:\/\/sites.ensfea.fr\/reflexanim\/wp-json\/wp\/v2\/pages\/419\/revisions\/422"}],"wp:attachment":[{"href":"https:\/\/sites.ensfea.fr\/reflexanim\/wp-json\/wp\/v2\/media?parent=419"}],"curies":[{"name":"wp","href":"https:\/\/api.w.org\/{rel}","templated":true}]}}