{"id":423,"date":"2024-03-08T10:58:02","date_gmt":"2024-03-08T09:58:02","guid":{"rendered":"https:\/\/sites.ensfea.fr\/reflexanim\/?page_id=423"},"modified":"2024-03-08T11:17:50","modified_gmt":"2024-03-08T10:17:50","slug":"rencontres-elu-e-s-alesa-2024","status":"publish","type":"page","link":"https:\/\/sites.ensfea.fr\/reflexanim\/rencontres-elu-e-s-alesa-2024\/","title":{"rendered":"Rencontres ALESA 2024"},"content":{"rendered":"\n<p>Les rencontres des \u00e9lu.e.s ALESA ont permis d&rsquo;explorer l&rsquo;Economie sociale et Solidaire comme \u00e9tant un potentiel r\u00e9f\u00e9rentiel pour l&rsquo;animation. <\/p>\n\n\n\n<p>L&rsquo;animation a \u00e9t\u00e9 conduite avec l&rsquo;OCCE. Tous les documents utilis\u00e9s et produits sont accessibles via le site ci-dessous<\/p>\n\n\n\n<figure class=\"wp-block-gallery has-nested-images columns-default is-cropped wp-block-gallery-1 is-layout-flex wp-block-gallery-is-layout-flex\">\n<figure class=\"wp-block-image size-large\"><a href=\"https:\/\/digipad.app\/p\/625675\/119bc50224b86\" target=\"_blank\" rel=\"noreferrer noopener\"><img loading=\"lazy\" decoding=\"async\" width=\"1024\" height=\"318\" data-id=\"431\" src=\"https:\/\/sites.ensfea.fr\/reflexanim\/wp-content\/uploads\/sites\/24\/2024\/03\/ecran-accueilsite-1-1024x318.jpg\" alt=\"\" class=\"wp-image-431\" srcset=\"https:\/\/sites.ensfea.fr\/reflexanim\/wp-content\/uploads\/sites\/24\/2024\/03\/ecran-accueilsite-1-1024x318.jpg 1024w, https:\/\/sites.ensfea.fr\/reflexanim\/wp-content\/uploads\/sites\/24\/2024\/03\/ecran-accueilsite-1-300x93.jpg 300w, https:\/\/sites.ensfea.fr\/reflexanim\/wp-content\/uploads\/sites\/24\/2024\/03\/ecran-accueilsite-1-768x238.jpg 768w, https:\/\/sites.ensfea.fr\/reflexanim\/wp-content\/uploads\/sites\/24\/2024\/03\/ecran-accueilsite-1.jpg 1402w\" sizes=\"auto, (max-width: 706px) 89vw, (max-width: 767px) 82vw, 740px\" \/><\/a><\/figure>\n<\/figure>\n","protected":false},"excerpt":{"rendered":"<p>Les rencontres des \u00e9lu.e.s ALESA ont permis d&rsquo;explorer l&rsquo;Economie sociale et Solidaire comme \u00e9tant un potentiel r\u00e9f\u00e9rentiel pour l&rsquo;animation. L&rsquo;animation a \u00e9t\u00e9 conduite avec l&rsquo;OCCE. Tous les documents utilis\u00e9s et produits sont accessibles via le site ci-dessous<\/p>\n","protected":false},"author":18,"featured_media":430,"parent":0,"menu_order":0,"comment_status":"closed","ping_status":"closed","template":"","meta":{"_uag_custom_page_level_css":"","footnotes":""},"class_list":["post-423","page","type-page","status-publish","has-post-thumbnail","hentry"],"uagb_featured_image_src":{"full":["https:\/\/sites.ensfea.fr\/reflexanim\/wp-content\/uploads\/sites\/24\/2024\/03\/bandeau.jpg",781,432,false],"thumbnail":["https:\/\/sites.ensfea.fr\/reflexanim\/wp-content\/uploads\/sites\/24\/2024\/03\/bandeau-150x150.jpg",150,150,true],"medium":["https:\/\/sites.ensfea.fr\/reflexanim\/wp-content\/uploads\/sites\/24\/2024\/03\/bandeau-300x166.jpg",300,166,true],"medium_large":["https:\/\/sites.ensfea.fr\/reflexanim\/wp-content\/uploads\/sites\/24\/2024\/03\/bandeau-768x425.jpg",525,291,true],"large":["https:\/\/sites.ensfea.fr\/reflexanim\/wp-content\/uploads\/sites\/24\/2024\/03\/bandeau.jpg",525,290,false],"1536x1536":["https:\/\/sites.ensfea.fr\/reflexanim\/wp-content\/uploads\/sites\/24\/2024\/03\/bandeau.jpg",781,432,false],"2048x2048":["https:\/\/sites.ensfea.fr\/reflexanim\/wp-content\/uploads\/sites\/24\/2024\/03\/bandeau.jpg",781,432,false],"twentyseventeen-featured-image":["https:\/\/sites.ensfea.fr\/reflexanim\/wp-content\/uploads\/sites\/24\/2024\/03\/bandeau.jpg",781,432,false],"twentyseventeen-thumbnail-avatar":["https:\/\/sites.ensfea.fr\/reflexanim\/wp-content\/uploads\/sites\/24\/2024\/03\/bandeau-100x100.jpg",100,100,true]},"uagb_author_info":{"display_name":"Francis Gaillard","author_link":"https:\/\/sites.ensfea.fr\/reflexanim\/author\/fgaillard\/"},"uagb_comment_info":0,"uagb_excerpt":"Les rencontres des \u00e9lu.e.s ALESA ont permis d&rsquo;explorer l&rsquo;Economie sociale et Solidaire comme \u00e9tant un potentiel r\u00e9f\u00e9rentiel pour l&rsquo;animation. L&rsquo;animation a \u00e9t\u00e9 conduite avec l&rsquo;OCCE. Tous les documents utilis\u00e9s et produits sont accessibles via le site ci-dessous","_links":{"self":[{"href":"https:\/\/sites.ensfea.fr\/reflexanim\/wp-json\/wp\/v2\/pages\/423","targetHints":{"allow":["GET"]}}],"collection":[{"href":"https:\/\/sites.ensfea.fr\/reflexanim\/wp-json\/wp\/v2\/pages"}],"about":[{"href":"https:\/\/sites.ensfea.fr\/reflexanim\/wp-json\/wp\/v2\/types\/page"}],"author":[{"embeddable":true,"href":"https:\/\/sites.ensfea.fr\/reflexanim\/wp-json\/wp\/v2\/users\/18"}],"replies":[{"embeddable":true,"href":"https:\/\/sites.ensfea.fr\/reflexanim\/wp-json\/wp\/v2\/comments?post=423"}],"version-history":[{"count":7,"href":"https:\/\/sites.ensfea.fr\/reflexanim\/wp-json\/wp\/v2\/pages\/423\/revisions"}],"predecessor-version":[{"id":436,"href":"https:\/\/sites.ensfea.fr\/reflexanim\/wp-json\/wp\/v2\/pages\/423\/revisions\/436"}],"wp:featuredmedia":[{"embeddable":true,"href":"https:\/\/sites.ensfea.fr\/reflexanim\/wp-json\/wp\/v2\/media\/430"}],"wp:attachment":[{"href":"https:\/\/sites.ensfea.fr\/reflexanim\/wp-json\/wp\/v2\/media?parent=423"}],"curies":[{"name":"wp","href":"https:\/\/api.w.org\/{rel}","templated":true}]}}

<p>Les rencontres des élu.e.s ALESA ont permis d&rsquo;explorer l&rsquo;Economie sociale et Solidaire comme étant un potentiel référentiel pour l&rsquo;animation. </p>



<p>L&rsquo;animation a été conduite avec l&rsquo;OCCE. Tous les documents utilisés et produits sont accessibles via le site ci-dessous</p>



<figure class="wp-block-gallery has-nested-images columns-default is-cropped wp-block-gallery-1 is-layout-flex wp-block-gallery-is-layout-flex">
<figure class="wp-block-image size-large"><a href="https://digipad.app/p/625675/119bc50224b86" target="_blank" rel="noreferrer noopener"><img loading="lazy" decoding="async" width="1024" height="318" data-id="431" src="https://sites.ensfea.fr/reflexanim/wp-content/uploads/sites/24/2024/03/ecran-accueilsite-1-1024x318.jpg" alt="" class="wp-image-431" srcset="https://sites.ensfea.fr/reflexanim/wp-content/uploads/sites/24/2024/03/ecran-accueilsite-1-1024x318.jpg 1024w, https://sites.ensfea.fr/reflexanim/wp-content/uploads/sites/24/2024/03/ecran-accueilsite-1-300x93.jpg 300w, https://sites.ensfea.fr/reflexanim/wp-content/uploads/sites/24/2024/03/ecran-accueilsite-1-768x238.jpg 768w, https://sites.ensfea.fr/reflexanim/wp-content/uploads/sites/24/2024/03/ecran-accueilsite-1.jpg 1402w" sizes="auto, (max-width: 706px) 89vw, (max-width: 767px) 82vw, 740px" /></a></figure>
</figure>

<p>Les rencontres des élu.e.s ALESA ont permis d&rsquo;explorer l&rsquo;Economie sociale et Solidaire comme étant un potentiel référentiel pour l&rsquo;animation. L&rsquo;animation a été conduite avec l&rsquo;OCCE. Tous les documents utilisés et produits sont accessibles via le site ci-dessous</p>

Les rencontres des élu.e.s ALESA ont permis d&rsquo;explorer l&rsquo;Economie sociale et Solidaire comme étant un potentiel référentiel pour l&rsquo;animation. L&rsquo;animation a été conduite avec l&rsquo;OCCE. Tous les documents utilisés et produits sont accessibles via le site ci-dessous
